atest common divisor of 364 and 27391?
91
Calculate the greatest common factor of 37605 and 3105.
345
Calculate the greatest common divisor of 727957 and 102.
17
What is the highest common divisor of 26 and 678?
2
What is the greatest common divisor of 412242 and 5334?
762
Calculate the highest common divisor of 4856 and 744789.
607
Calculate the highest common factor of 1463 and 2773183.
133
What is the greatest common factor of 98 and 21350?
14
What is the greatest common factor of 2953 and 2?
1
What is the greatest common factor of 188227 and 26?
13
What is the highest common divisor of 24436 and 123?
41
Calculate the highest common divisor of 132 and 18678.
66
Calculate the highest common factor of 28358 and 264.
22
What is the greatest common factor of 785 and 10362?
157
Calculate the greatest common factor of 4828 and 4012.
68
What is the greatest common divisor of 662814 and 828?
414
Calculate the highest common factor of 348 and 1826478.
174
What is the greatest common divisor of 262 and 136?
2
Calculate the highest common factor of 22 and 129371.
11
Calculate the highest common factor of 336 and 3086592.
48
What is the greatest common divisor of 22596 and 924?
84
Calculate the greatest common divisor of 511472 and 208.
208
What is the highest common factor of 595 and 28883?
17
What is the highest common divisor of 2398048 and 96?
32
What is the greatest common divisor of 7248 and 512?
16
Calculate the greatest common divisor of 116 and 4740.
4
What is the greatest common factor of 456 and 2337?
57
What is the greatest common factor of 3183460 and 140?
140
Calculate the greatest common factor of 4619 and 142593.
149
Calculate the highest common factor of 283824 and 96.
48
Calculate the greatest common factor of 24 and 333204.
12
Calculate the greatest common divisor of 2638150 and 25.
25
What is the highest common divisor of 50 and 53825?
25
What is the greatest common divisor of 833952 and 3332?
476
Calculate the highest common divisor of 15730 and 89782.
242
Calculate the greatest common factor of 4554 and 90.
18
What is the highest common factor of 17215 and 16885?
55
What is the highest common divisor of 14088 and 222?
6
What is the greatest common divisor of 95 and 125970?
95
What is the greatest common factor of 33984986 and 14?
14
What is the greatest common divisor of 26 and 254306?
26
Calculate the greatest common divisor of 3508556 and 2536.
1268
What is the greatest common divisor of 14 and 1424?
2
Calculate the greatest common factor of 142 and 64823.
71
Calculate the greatest common divisor of 84 and 420.
84
Calculate the highest common factor of 104907 and 1445.
289
Calculate the highest common divisor of 7616 and 94486.
238
Calculate the highest common divisor of 2992900 and 100.
100
Calculate the highest common factor of 562975 and 70.
35
Calculate the highest common divisor of 228 and 1055716.
76
What is the highest common factor of 1750 and 980?
70
Calculate the greatest common factor of 3309 and 5098066.
1103
Calculate the greatest common divisor of 282 and 90726.
6
Calculate the greatest common factor of 14147 and 1222.
47
Calculate the greatest common divisor of 30 and 19020.
30
What is the highest common factor of 425 and 34625?
25
Calculate the highest common divisor of 59631 and 117.
39
Calculate the greatest common divisor of 1807 and 40727.
139
Calculate the greatest common factor of 15183 and 882.
63
Calculate the greatest common divisor of 17 and 659.
1
What is the greatest common factor of 57 and 37126?
19
Calculate the highest common factor of 2700 and 495.
45
Calculate the greatest common divisor of 27083 and 18907.
511
What is the highest common divisor of 1683 and 649?
11
Calculate the greatest common factor of 13279 and 7859.
271
Calculate the highest common divisor of 86 and 1716818.
86
Calculate the greatest common divisor of 61080 and 581787.
1527
Calculate the greatest common divisor of 1216369 and 308.
77
Calculate the greatest common factor of 264819 and 123.
123
Calculate the greatest common divisor of 20053 and 77.
11
What is the greatest common divisor of 173 and 5879578?
173
What is the highest common factor of 120 and 724380?
60
Calculate the highest common factor of 3297 and 2240.
7
Calculate the greatest common divisor of 19248 and 480.
48
Calculate the highest common factor of 38 and 35663.
19
What is the greatest common divisor of 10309 and 936?
13
Calculate the greatest common factor of 156438 and 54.
54
What is the highest common divisor of 6027 and 3822?
147
Calculate the highest common divisor of 1635 and 16745670.
1635
Calculate the greatest common divisor of 299 and 14352.
299
What is the highest common divisor of 1092 and 2851394?
182
What is the greatest common factor of 2502 and 15138?
18
What is the highest common divisor of 1740 and 56985?
435
What is the greatest common factor of 9964 and 1692?
188
Calculate the greatest common divisor of 5456328 and 183.
183
What is the highest common factor of 113278 and 5434?
418
What is the greatest common factor of 21 and 983451?
21
Calculate the greatest common divisor of 966 and 26754.
42
What is the highest common divisor of 392 and 777434?
98
Calculate the greatest common divisor of 112041 and 422.
211
What is the highest common divisor of 1119 and 45506?
373
What is the greatest common divisor of 60781 and 266?
133
Calculate the highest common factor of 380 and 88940.
20
Calculate the highest common factor of 2395 and 980034.
479
What is the highest common factor of 122028 and 12?
12
What is the highest common divisor of 288 and 3600?
144
Calculate the greatest common factor of 2997 and 558774.
333
Calculate the greatest common factor of 24 and 3296.
8
What is the highest common factor of 25335 and 135?
45
Calculate the greatest common factor of 4807 and 99.
11
What is the highest common divisor of 56517 and 3?
3
What is the highest common divisor of 297948 and 1596?
84
Calculate the highest common divisor of 24 and 497208.
24
Calculate the greatest common divisor of 1300902 and 13810.
2762
What is the highest common factor of 82211 and 2513?
359
What is the highest common divisor of 33 and 6611?
11
Calculate the highest common divisor of 774 and 666.
18
What is the greatest common factor of 196 and 5348?
28
Calculate the highest common factor of 14 and 1943340.
14
What is the highest common factor of 2346 and 136?
34
Calculate the greatest common factor of 155300 and 25.
25
Calculate the greatest common divisor of 35108 and 12060.
268
What is the highest common factor of 4224 and 16224?
96
Calculate the greatest common factor of 42166 and 1102.
58
Calculate the greatest common factor of 9 and 189162.
9
Calculate the greatest common divisor of 31278 and 3341.
13
What is the highest common divisor of 56971 and 1196?
23
What is the greatest common divisor of 11508 and 20496?
84
What is the highest common divisor of 49455 and 189?
63
Calculate the highest common divisor of 88403 and 511.
511
What is the greatest common divisor of 1226475 and 150?
75
What is the greatest common factor of 76 and 55138?
38
Calculate the highest common divisor of 58140 and 34.
34
Calculate the highest common factor of 2662 and 10406.
242
Calculate the greatest common divisor of 324330 and 380.
190
What is the highest common divisor of 68026 and 1106?
14
What is the highest common divisor of 768 and 1284?
12
What is the greatest common factor of 26866 and 2394?
266
What is the greatest common factor of 28676 and 64?
4
What is the greatest common factor of 42718 and 15105?
53
What is the greatest common factor of 2176 and 1479?
17
What is the greatest common factor of 32 and 441776?
16
Calculate the highest common factor of 80 and 33808.
16
Calculate the greatest common divisor of 4713465 and 755.
755
Calculate the greatest common divisor of 532 and 90668.
76
What is the greatest common factor of 23460 and 119370?
690
What is the greatest common factor of 17670 and 2?
2
What is the highest common divisor of 6936 and 67592?
136
Calculate the greatest common divisor of 546 and 488124.
546
Calculate the greatest common factor of 140697 and 27.
27
Calculate the highest common divisor of 30 and 7503495.
15
Calculate the greatest common factor of 75 and 69600